{"id":151,"date":"2022-01-14T08:45:45","date_gmt":"2022-01-14T11:45:45","guid":{"rendered":"https:\/\/essencialdigital.com\/nabicosmeticos\/?post_type=product&#038;p=151"},"modified":"2024-11-11T06:23:46","modified_gmt":"2024-11-11T09:23:46","slug":"gel-suavizante-250g","status":"publish","type":"product","link":"https:\/\/essencialdigital.com\/nabicosmeticos\/index.php\/produto\/gel-suavizante-250g\/","title":{"rendered":"Gel Suavizante 250g"},"content":{"rendered":"<p><strong>O Gel Suavizante\u00a0Nabi tem uma f\u00f3rmula cuidadosamente elaborada para combater os sintomas de diversas dores, pontuais ou cr\u00f4nicas. Um verdadeiro amigo para os mais diversos momentos de desconforto, dedicado a cuidar do seu bem-estar, aquele amigo que voc\u00ea quer ter por perto o tempo inteiro.<\/strong><\/p>\n<p><strong>Auxilia no al\u00edvio de dores localizadas. Para dores localizadas. Linha Cosmec\u00eautica, 250g.<\/strong><\/p>\n<p>O Gel Suavizante Nabi tem uma f\u00f3rmula cuidadosamente elaborada para combater os sintomas de diversas dores, pontuais ou cr\u00f4nicas. Um verdadeiro amigo para os mais diversos momentos de desconforto, dedicado a cuidar do seu bem-estar, aquele amigo que voc\u00ea quer ter por perto o tempo inteiro.<br \/>\nModo de usar; colocar no local da dor, n\u00e3o \u00e9 recomendado para massagem corporal o produto arde e esquenta podendo causar desconforto, recomendamos pra colocar no local da dor<br \/>\nIndica\u00e7\u00e3o: Dor localizada e outras indicado no formul\u00e1rio de dicas<\/p>\n<!--themify_builder_content-->\n<div id=\"themify_builder_content-151\" data-postid=\"151\" class=\"themify_builder_content themify_builder_content-151 themify_builder tf_clear\">\n    <\/div>\n<!--\/themify_builder_content-->\n<!-- AddThis Advanced Settings generic via filter on the_content --><!-- AddThis Share Buttons generic via filter on the_content -->","protected":false},"excerpt":{"rendered":"<p>Gel apresentado em pote de 250g.<!-- AddThis Advanced Settings generic via filter on get_the_excerpt --><!-- AddThis Share Buttons generic via filter on get_the_excerpt --><\/p>\n","protected":false},"featured_media":189,"comment_status":"open","ping_status":"closed","template":"","meta":[],"product_cat":[22,21],"product_tag":[],"builder_content":"","_links":{"self":[{"href":"https:\/\/essencialdigital.com\/nabicosmeticos\/index.php\/wp-json\/wp\/v2\/product\/151"}],"collection":[{"href":"https:\/\/essencialdigital.com\/nabicosmeticos\/index.php\/wp-json\/wp\/v2\/product"}],"about":[{"href":"https:\/\/essencialdigital.com\/nabicosmeticos\/index.php\/wp-json\/wp\/v2\/types\/product"}],"replies":[{"embeddable":true,"href":"https:\/\/essencialdigital.com\/nabicosmeticos\/index.php\/wp-json\/wp\/v2\/comments?post=151"}],"wp:featuredmedia":[{"embeddable":true,"href":"https:\/\/essencialdigital.com\/nabicosmeticos\/index.php\/wp-json\/wp\/v2\/media\/189"}],"wp:attachment":[{"href":"https:\/\/essencialdigital.com\/nabicosmeticos\/index.php\/wp-json\/wp\/v2\/media?parent=151"}],"wp:term":[{"taxonomy":"product_cat","embeddable":true,"href":"https:\/\/essencialdigital.com\/nabicosmeticos\/index.php\/wp-json\/wp\/v2\/product_cat?post=151"},{"taxonomy":"product_tag","embeddable":true,"href":"https:\/\/essencialdigital.com\/nabicosmeticos\/index.php\/wp-json\/wp\/v2\/product_tag?post=151"}],"curies":[{"name":"wp","href":"https:\/\/api.w.org\/{rel}","templated":true}]}}