{"id":154,"date":"2022-01-14T08:45:47","date_gmt":"2022-01-14T11:45:47","guid":{"rendered":"https:\/\/essencialdigital.com\/nabicosmeticos\/?post_type=product&#038;p=154"},"modified":"2022-01-14T08:46:57","modified_gmt":"2022-01-14T11:46:57","slug":"repelente-natural-citronela","status":"publish","type":"product","link":"https:\/\/essencialdigital.com\/nabicosmeticos\/index.php\/produto\/repelente-natural-citronela\/","title":{"rendered":"Repelente Natural Citronela"},"content":{"rendered":"<p><strong>REPELENTE NATURAL: Formulada com \u00f3leo vegetal de\u00a0\u00a0\u00a0andiroba\u00a0 e \u00f3leo essencial de citronela para garantir produto natural e seguran\u00e7a\u00a0 do\u00a0 efeito repelente, foi selecionado esses dois componentes que j\u00e1 possui a\u00e7\u00e3o comprovada.<\/strong><\/p>\n<p><strong>Sua pele naturalmente protegida. Repelente Natural Citronela, 120ml.<\/strong><\/p>\n<!--themify_builder_content-->\n<div id=\"themify_builder_content-154\" data-postid=\"154\" class=\"themify_builder_content themify_builder_content-154 themify_builder tf_clear\">\n    <\/div>\n<!--\/themify_builder_content-->\n<!-- AddThis Advanced Settings generic via filter on the_content --><!-- AddThis Share Buttons generic via filter on the_content -->","protected":false},"excerpt":{"rendered":"<p>Repelente apresentado em embalagem de 120 ml.<!-- AddThis Advanced Settings generic via filter on get_the_excerpt --><!-- AddThis Share Buttons generic via filter on get_the_excerpt --><\/p>\n","protected":false},"featured_media":197,"comment_status":"open","ping_status":"closed","template":"","meta":[],"product_cat":[21],"product_tag":[],"builder_content":"","_links":{"self":[{"href":"https:\/\/essencialdigital.com\/nabicosmeticos\/index.php\/wp-json\/wp\/v2\/product\/154"}],"collection":[{"href":"https:\/\/essencialdigital.com\/nabicosmeticos\/index.php\/wp-json\/wp\/v2\/product"}],"about":[{"href":"https:\/\/essencialdigital.com\/nabicosmeticos\/index.php\/wp-json\/wp\/v2\/types\/product"}],"replies":[{"embeddable":true,"href":"https:\/\/essencialdigital.com\/nabicosmeticos\/index.php\/wp-json\/wp\/v2\/comments?post=154"}],"wp:featuredmedia":[{"embeddable":true,"href":"https:\/\/essencialdigital.com\/nabicosmeticos\/index.php\/wp-json\/wp\/v2\/media\/197"}],"wp:attachment":[{"href":"https:\/\/essencialdigital.com\/nabicosmeticos\/index.php\/wp-json\/wp\/v2\/media?parent=154"}],"wp:term":[{"taxonomy":"product_cat","embeddable":true,"href":"https:\/\/essencialdigital.com\/nabicosmeticos\/index.php\/wp-json\/wp\/v2\/product_cat?post=154"},{"taxonomy":"product_tag","embeddable":true,"href":"https:\/\/essencialdigital.com\/nabicosmeticos\/index.php\/wp-json\/wp\/v2\/product_tag?post=154"}],"curies":[{"name":"wp","href":"https:\/\/api.w.org\/{rel}","templated":true}]}}