{"id":214,"date":"2022-01-14T08:47:17","date_gmt":"2022-01-14T11:47:17","guid":{"rendered":"https:\/\/essencialdigital.com\/nabicosmeticos\/?post_type=product&#038;p=214"},"modified":"2022-01-14T08:48:03","modified_gmt":"2022-01-14T11:48:03","slug":"a5-mascara-capilar-profunda-1kg","status":"publish","type":"product","link":"https:\/\/essencialdigital.com\/nabicosmeticos\/index.php\/produto\/a5-mascara-capilar-profunda-1kg\/","title":{"rendered":"A5- M\u00e1scara Capilar Profunda 1kg"},"content":{"rendered":"<h1>MASCARA CAPILAR HIDRATANTE<\/h1>\n<p>Linha Bella Professional Keratin Complex &#8211;\u00a0M\u00e1scara Capilar Profunda<\/p>\n<p>Mais sa\u00fade e beleza para os seus cabelos.\u00a0Al\u00e9m da queratina, \u00e9 formulada com um novo elemento nobre: o \u00f3leo de oliva, que confere aos cabelos resultados ainda melhores.<\/p>\n<p>Enriquecida com amino\u00e1cidos do tipo queratina<br \/>\nCom a\u00e7\u00e3o termo ativado e antifrizz.<br \/>\npH 4,0<br \/>\nMascara capilar Hidratante e Repositora da Linha de Queratiniza\u00e7\u00e3o Nabi \u00e9 um restaurador capilar de hidrata\u00e7\u00e3o profunda e termo ativado, al\u00e9m de proporcionar condicionamento intensivo, hidrata\u00e7\u00e3o prolongada, brilho e manuten\u00e7\u00e3o, restaura os fios de forma seletiva, por possuir em sua formula\u00e7\u00e3o o silicone de repara\u00e7\u00e3o inteligente que quando aplicado no cabelo e aquecido, ele penetra nas cut\u00edculas onde necessitam de repara\u00e7\u00e3o promovendo brilho duradouro e prote\u00e7\u00e3o do calor das chapinhas e dos secadores, o \u00f3leo de oliva, fonte de \u00d4mega-3, que possui propriedades protetorasdocouro cabeludo de poss\u00edvel irrita\u00e7\u00e3o, a\u00e7\u00e3ode repara\u00e7\u00e3o dos fios ap\u00f3s a\u00e7\u00e3o externa natural e de procedimentos qu\u00edmicos, al\u00e9m do complexo de prote\u00ednas hidrolisadas de queratina, de origem natural, que possui afinidade pelo cabelo facilitando a penetra\u00e7\u00e3o no fio capilar, proporcionando restaura\u00e7\u00e3o, maleabilidade, hidrata\u00e7\u00e3o e condicionamento, atua tamb\u00e9m como agente protetor durante procedimentos de descolora\u00e7\u00e3o e aplica\u00e7\u00e3o de mechas, reduzindo os danos promovidos por tratamentos qu\u00edmicos e f\u00edsicos e pelo nobre D-pantenol al\u00e9m de brilho e condicionamento intensivo cuida do cabelo desde o fol\u00edculo piloso at\u00e9 a cut\u00edcula.<br \/>\nA sinergia desses ativos bem selecionados garante a seguran\u00e7a e a satisfa\u00e7\u00e3o tanto do profissional como do cliente usu\u00e1rio.<br \/>\nModo de usar: Siga as instru\u00e7\u00f5es do manual Passo a Passo.<br \/>\nOrienta\u00e7\u00f5es ao Consumidor: Uso externo. Evite o contato com os olhos. Caso isso aconte\u00e7a, enx\u00e1g\u00fce com \u00e1gua em abund\u00e2ncia. Mantenha fora do alcance de crian\u00e7as. Havendo irrita\u00e7\u00e3o, suspenda o uso. Conservar em lugar fresco, ao abrigo de luz.<br \/>\nCauteriza\u00e7\u00e3o:<br \/>\nExistem mitos que dizem que cauteriza\u00e7\u00e3o n\u00e3o \u00e9 recomendado para o cabelo e deixa-os aspero.<br \/>\nA aspereza se d\u00e1 por conta do mal uso da queratina, da mal formula\u00e7\u00e3o da f\u00f3rmula, da qualidade da queratina, e da falta de preparo do cabelo para receb\u00ea-la<br \/>\nA Nabi Cosm\u00e9ticos n\u00e3o se preocupou apenas em formular a cauteriza\u00e7\u00e3o, mas tamb\u00e9m em preparar o seu fluido de queratina de maneira exclusiva elaborado com a sinergia de outros ativos que lhe garantem maleabilidade e prote\u00e7\u00e3o tanto para o fio quanto para o couro cabeludo, e, tamb\u00e9m com o protocolo de uso, que sendo utilizado de forma correta garante excelentes resultados.<\/p>\n<p>1\u00b0\u00a0&#8211; Shampoo Anti Res\u00edduio 1l<br \/>\n2\u00b0 &#8211; Shampoo Reconstrutor 1l<br \/>\n3\u00b0 &#8211; Fluido Super Reconstrutor 300ml<br \/>\n4\u00b0 &#8211; Defrizante Modelador Capilar 1l<br \/>\n<strong>5\u00b0 &#8211; M\u00e1scara Capilar Profunda 1kg<\/strong><\/p>\n<!--themify_builder_content-->\n<div id=\"themify_builder_content-214\" data-postid=\"214\" class=\"themify_builder_content themify_builder_content-214 themify_builder tf_clear\">\n    <\/div>\n<!--\/themify_builder_content-->\n<!-- AddThis Advanced Settings generic via filter on the_content --><!-- AddThis Share Buttons generic via filter on the_content -->","protected":false},"excerpt":{"rendered":"<p>MASCARA CAPILAR HIDRATANTE<\/p>\n<p>Mais sa\u00fade e beleza para os seus cabelos.\u00a0Al\u00e9m da queratina, \u00e9 formulada com um novo elemento nobre: o \u00f3leo de oliva, que confere aos cabelos resultados ainda melhores.<!-- AddThis Advanced Settings generic via filter on get_the_excerpt --><!-- AddThis Share Buttons generic via filter on get_the_excerpt --><\/p>\n","protected":false},"featured_media":255,"comment_status":"open","ping_status":"closed","template":"","meta":[],"product_cat":[39],"product_tag":[],"builder_content":"","_links":{"self":[{"href":"https:\/\/essencialdigital.com\/nabicosmeticos\/index.php\/wp-json\/wp\/v2\/product\/214"}],"collection":[{"href":"https:\/\/essencialdigital.com\/nabicosmeticos\/index.php\/wp-json\/wp\/v2\/product"}],"about":[{"href":"https:\/\/essencialdigital.com\/nabicosmeticos\/index.php\/wp-json\/wp\/v2\/types\/product"}],"replies":[{"embeddable":true,"href":"https:\/\/essencialdigital.com\/nabicosmeticos\/index.php\/wp-json\/wp\/v2\/comments?post=214"}],"wp:featuredmedia":[{"embeddable":true,"href":"https:\/\/essencialdigital.com\/nabicosmeticos\/index.php\/wp-json\/wp\/v2\/media\/255"}],"wp:attachment":[{"href":"https:\/\/essencialdigital.com\/nabicosmeticos\/index.php\/wp-json\/wp\/v2\/media?parent=214"}],"wp:term":[{"taxonomy":"product_cat","embeddable":true,"href":"https:\/\/essencialdigital.com\/nabicosmeticos\/index.php\/wp-json\/wp\/v2\/product_cat?post=214"},{"taxonomy":"product_tag","embeddable":true,"href":"https:\/\/essencialdigital.com\/nabicosmeticos\/index.php\/wp-json\/wp\/v2\/product_tag?post=214"}],"curies":[{"name":"wp","href":"https:\/\/api.w.org\/{rel}","templated":true}]}}